e factors of 3432967468?
2, 7, 211, 581071
List the prime factors of 406873430.
2, 5, 2671, 15233
What are the prime factors of 1515592912?
2, 19, 23, 216761
List the prime factors of 11135551.
7, 1590793
What are the prime factors of 48824329?
59, 641, 1291
What are the prime factors of 20531671?
1987, 10333
List the prime factors of 2556387774.
2, 3, 142021543
What are the prime factors of 53647443?
3, 5960827
What are the prime factors of 34985961?
3, 43, 90403
List the prime factors of 4684400542.
2, 67, 3089, 11317
What are the prime factors of 189531829?
313, 605533
What are the prime factors of 407078000?
2, 5, 7, 29077
What are the prime factors of 39858975?
3, 5, 13, 13627
List the prime factors of 213442805.
5, 42688561
List the prime factors of 4018849.
29, 138581
List the prime factors of 138394204.
2, 13, 2661427
What are the prime factors of 395835317?
395835317
List the prime factors of 7524639.
3, 836071
What are the prime factors of 706450696?
2, 7, 12615191
List the prime factors of 8529741025.
5, 13, 587, 44711
List the prime factors of 18526446.
2, 3, 1029247
List the prime factors of 73924400.
2, 5, 11, 53, 317
What are the prime factors of 144389870?
2, 5, 167, 86461
List the prime factors of 1255099111.
7, 179299873
List the prime factors of 112688312.
2, 11, 1280549
What are the prime factors of 83045294?
2, 67, 619741
List the prime factors of 5371852.
2, 1342963
What are the prime factors of 5323240132?
2, 7, 4099, 46381
What are the prime factors of 21856345?
5, 7, 624467
List the prime factors of 62608051.
11, 5691641
List the prime factors of 464704322.
2, 31, 47, 159473
List the prime factors of 3912359825.
5, 11, 19, 748777
List the prime factors of 23899340.
2, 5, 19, 109, 577
What are the prime factors of 12886819?
11, 1171529
List the prime factors of 245855604.
2, 3, 109, 187963
What are the prime factors of 1407069159?
3, 469023053
What are the prime factors of 376132996?
2, 94033249
What are the prime factors of 28299933?
3, 53, 79, 751
List the prime factors of 672509721.
3, 13, 89, 193751
List the prime factors of 41921484.
2, 3, 11, 317587
What are the prime factors of 1154684925?
3, 5, 2087, 2459
What are the prime factors of 496941165?
3, 5, 7, 1577591
What are the prime factors of 1380985045?
5, 11, 359, 69941
List the prime factors of 2643790007.
2643790007
What are the prime factors of 378435755?
5, 31, 2441521
What are the prime factors of 26779488?
2, 3, 17, 61, 269
What are the prime factors of 205406011?
205406011
List the prime factors of 233684345.
5, 331, 141199
List the prime factors of 923082342.
2, 3, 7, 13, 83, 20369
What are the prime factors of 720080470?
2, 5, 97, 742351
List the prime factors of 1532736732.
2, 3, 127728061
What are the prime factors of 1035698151?
3, 19, 269, 67547
List the prime factors of 5838267267.
3, 7, 30890303
List the prime factors of 31056672.
2, 3, 323507
What are the prime factors of 3258671184?
2, 3, 1069, 21169
What are the prime factors of 752580218?
2, 13, 29, 998117
What are the prime factors of 3664919782?
2, 37, 1338539
List the prime factors of 2865139610.
2, 5, 79, 3626759
List the prime factors of 586233198.
2, 3, 32568511
List the prime factors of 95544447.
3, 31848149
What are the prime factors of 2811148579?
2811148579
List the prime factors of 3367394385.
3, 5, 224492959
What are the prime factors of 29072001?
3, 7, 523, 2647
What are the prime factors of 40894087?
13, 661, 4759
List the prime factors of 1529112619.
1529112619
What are the prime factors of 63115821?
3, 37, 63179
List the prime factors of 37504003.
157, 238879
What are the prime factors of 737841160?
2, 5, 7, 313, 8419
What are the prime factors of 3585528782?
2, 11, 191, 853291
List the prime factors of 75722812.
2, 11, 1720973
List the prime factors of 46911282.
2, 3, 11, 710777
What are the prime factors of 96846289?
67, 1445467
What are the prime factors of 50034910?
2, 5, 17, 89, 3307
What are the prime factors of 449255582?
2, 224627791
List the prime factors of 2037452903.
137, 14871919
What are the prime factors of 602501008?
2, 23, 307, 5333
What are the prime factors of 14533767?
3, 1614863
What are the prime factors of 66877833?
3, 11, 37, 54773
List the prime factors of 13575146.
2, 13, 17, 30713
List the prime factors of 22818409.
22818409
What are the prime factors of 246179946?
2, 3, 41029991
What are the prime factors of 320788767?
3, 13, 1213, 6781
What are the prime factors of 2070158896?
2, 13, 1201, 8287
List the prime factors of 140353295.
5, 28070659
List the prime factors of 1099930631.
1099930631
List the prime factors of 144891402.
2, 3, 449, 53783
What are the prime factors of 2064154478?
2, 61, 16919299
List the prime factors of 45888194.
2, 11, 59, 35353
List the prime factors of 1142615471.
421, 487, 5573
List the prime factors of 384745836.
2, 3, 17, 31, 83, 733
List the prime factors of 42481894.
2, 7, 13, 233417
What are the prime factors of 3915778884?
2, 3, 326314907
What are the prime factors of 7342748733?
3, 2447582911
What are the prime factors of 1111821429?
3, 59, 6281477
List the prime factors of 504062250.
2, 3, 5, 23, 29221
List the prime factors of 406691127.
3, 1187, 38069
What are the prime factors of 1583392557?
3, 73, 7230103
List the prime factors of 82031213.
11, 1103, 6761
List the prime factors of 56113052.
2, 14028263
What are the prime factors of 122280328?
2, 23, 53, 12539
What are the prime factors of 1115981271?
3, 131, 946549
What are the prime factors of 164232654?
2, 3, 27372109
What are the prime factors of 180003630?
2, 3, 5, 6000121
List the prime factors of 6475615019.
2243, 2887033
What are the prime factors of 2240879?
19, 59, 1999
What are the prime factors of 1677100289?
227, 1049, 7043
List the prime factors of 56731890.
2, 3, 5, 17, 173, 643
What are the prime factors of 2744650164?
2, 3, 47, 4866401
What are the prime factors of 14612857?
7, 2087551
What are the prime factors of 28231645?
5, 13, 17, 29, 881
What are the prime factors of 32609309?
41, 795349
List the prime factors of 225851044.
2, 197, 286613
List the prime factors of 331918193.
443, 683, 1097
List the prime factors of 1510550095.
5, 302110019
What are the prime factors of 204119080?
2, 5, 11, 463907
What are the prime factors of 374623244?
2, 93655811
List the prime factors of 323348215.
5, 64669643
List the prime factors of 38568177.
3, 379, 3769
What are the prime factors of 24211368?
2, 3, 163, 2063
What are the prime factors of 106332557?
41, 2593477
What are the prime factors of 295105323?
3, 71, 1385471
List the prime factors of 5319842171.
7, 569, 1335637
List the prime factors of 1585820033.
7, 103, 1259, 1747
List the prime factors of 21443202.
2, 3, 11, 37, 2927
List the prime factors of 1636442400.
2, 3, 5, 43, 101, 157
List the prime factors of 260854406.
2, 383, 340541
What are the prime factors of 117319036?
2, 29, 1011371
List the prime factors of 100448228.
2, 29, 865933
What are the prime factors of 30899548?
2, 19, 406573
What are the prime factors of 90669866?
2, 7, 6476419
What are the prime factors of 920205834?
2, 3, 19, 8071981
What are the prime factors of 33754438?
2, 16877219
What are the prime factors of 3415008688?
2, 7, 13, 17, 10613
List the prime factors of 69843522.
2, 3, 7, 237563
List the prime factors of 634530825.
3, 5, 277, 10181
List the prime factors of 6167988.
2, 3, 19037
What are the prime factors of 160786988?
2, 40196747
What are the prime factors of 50422093?
50422093
What are the prime factors of 348171123?
3, 116057041
What are the prime factors of 524241043?
107, 677, 7237
What are the prime factors of 483187652?
2, 67, 97, 18587
List the prime factors of 108938190.
2, 3, 5, 59, 61547
What are the prime factors of 450714701?
450714701
What are the prime factors of 635792551?
73, 877, 9931
What are the prime factors of 642432992?
2, 17, 71, 16633
List the prime factors of 121623695.
5, 17, 31, 101, 457
What are the prime factors of 107920532?
2, 19, 179, 7933
List the prime factors of 293677176.
2, 3, 13, 17, 3257
List the prime factors of 9768233.
9768233
What are the prime factors of 85616459?
229, 461, 811
What are the prime factors of 2312863993?
11, 210260363
What are the prime factors